{"id":690,"date":"2024-07-18T00:04:17","date_gmt":"2024-07-18T00:04:17","guid":{"rendered":"https:\/\/inclusion.iscte-iul.pt\/?page_id=690"},"modified":"2024-08-10T09:16:49","modified_gmt":"2024-08-10T09:16:49","slug":"podcast","status":"publish","type":"page","link":"https:\/\/inclusion.iscte-iul.pt\/lt\/podcast\/","title":{"rendered":"Tinklalaid\u0117"},"content":{"rendered":"<div data-elementor-type=\"wp-page\" data-elementor-id=\"690\" class=\"elementor elementor-690\">\n\t\t\t\t<div class=\"elementor-element elementor-element-5d76300 e-flex e-con-boxed e-con e-parent\" data-id=\"5d76300\" data-element_type=\"container\" data-settings=\"{&quot;background_background&quot;:&quot;classic&quot;}\">\n\t\t\t\t\t<div class=\"e-con-inner\">\n\t\t\t\t\t<\/div>\n\t\t\t\t<\/div>\n\t\t<div class=\"elementor-element elementor-element-946af0c e-flex e-con-boxed e-con e-parent\" data-id=\"946af0c\" data-element_type=\"container\">\n\t\t\t\t\t<div class=\"e-con-inner\">\n\t\t\t\t<div class=\"elementor-element elementor-element-fc51429 elementor-widget elementor-widget-spacer\" data-id=\"fc51429\" data-element_type=\"widget\" data-widget_type=\"spacer.default\">\n\t\t\t\t<div class=\"elementor-widget-container\">\n\t\t\t\t\t\t\t<div class=\"elementor-spacer\">\n\t\t\t<div class=\"elementor-spacer-inner\"><\/div>\n\t\t<\/div>\n\t\t\t\t\t\t<\/div>\n\t\t\t\t<\/div>\n\t\t\t\t<div class=\"elementor-element elementor-element-6666394 elementor-widget elementor-widget-text-editor\" data-id=\"6666394\" data-element_type=\"widget\" data-widget_type=\"text-editor.default\">\n\t\t\t\t<div class=\"elementor-widget-container\">\n\t\t\t\t\t\t\t\t\t<h1>Tinklalaid\u0117<\/h1>\t\t\t\t\t\t\t\t<\/div>\n\t\t\t\t<\/div>\n\t\t\t\t<div class=\"elementor-element elementor-element-6555788 elementor-widget elementor-widget-spacer\" data-id=\"6555788\" data-element_type=\"widget\" data-widget_type=\"spacer.default\">\n\t\t\t\t<div class=\"elementor-widget-container\">\n\t\t\t\t\t\t\t<div class=\"elementor-spacer\">\n\t\t\t<div class=\"elementor-spacer-inner\"><\/div>\n\t\t<\/div>\n\t\t\t\t\t\t<\/div>\n\t\t\t\t<\/div>\n\t\t<div class=\"elementor-element elementor-element-cced152 e-con-full e-flex e-con e-child\" data-id=\"cced152\" data-element_type=\"container\">\n\t\t\t\t<div class=\"elementor-element elementor-element-3763f8e light-green-heading elementor-widget elementor-widget-text-editor\" data-id=\"3763f8e\" data-element_type=\"widget\" data-widget_type=\"text-editor.default\">\n\t\t\t\t<div class=\"elementor-widget-container\">\n\t\t\t\t\t\t\t\t\t<h1>Informacija ruo\u0161iama<\/h1>\t\t\t\t\t\t\t\t<\/div>\n\t\t\t\t<\/div>\n\t\t\t\t<div class=\"elementor-element elementor-element-518c913 elementor-widget elementor-widget-text-editor\" data-id=\"518c913\" data-element_type=\"widget\" data-widget_type=\"text-editor.default\">\n\t\t\t\t<div class=\"elementor-widget-container\">\n\t\t\t\t\t\t\t\t\t<p><span style=\"white-space-collapse: preserve;\">2026 m. gruod\u017eio m\u0117n.<\/span><\/p><p><span style=\"white-space-collapse: preserve; color: var( --e-global-color-text ); font-family: var( --e-global-typography-text-font-family ); font-size: var( --e-global-typography-text-font-size ); font-weight: var( --e-global-typography-text-font-weight ); text-align: var(--text-align);\">Tinklalaid\u0117 \u201eDaugiau \u012ftraukties, daugiau student\u0173, daugiau Erasmus+\u201d siekia paskatinti pokalbius su studentais, auk\u0161tojo mokslo institucij\u0173 ir miest\u0173 atstovais apie tai, kaip \u012ftraukti ma\u017eiau galimybi\u0173 turin\u010dius studentus \u2013 ypa\u010d su negalia ar globos pareigomis \u2013 \u012f tarptautines main\u0173 programas. Tinklalaid\u0119 sudarys \u0161e\u0161i epizodai, kuriuose kalbinsime studentus turin\u010dius negali\u0105 ir studentus turin\u010dius prie\u017ei\u016bros \u012fsipareigojim\u0173 pasidalinti mintimis ir patirtimi tarptautinio mobulimo tema. Taip pat kalb\u0117sime su specialistais apie i\u0161\u0161\u016bkius ir galimybes skatinti \u012ftraukt\u012f. Tinklalaid\u0117je taip pat pristatysime tyrimo rezultatus ir rekomendacijas.<\/span><\/p>\t\t\t\t\t\t\t\t<\/div>\n\t\t\t\t<\/div>\n\t\t\t\t<\/div>\n\t\t\t\t<div class=\"elementor-element elementor-element-3e25786 elementor-widget elementor-widget-spacer\" data-id=\"3e25786\" data-element_type=\"widget\" data-widget_type=\"spacer.default\">\n\t\t\t\t<div class=\"elementor-widget-container\">\n\t\t\t\t\t\t\t<div class=\"elementor-spacer\">\n\t\t\t<div class=\"elementor-spacer-inner\"><\/div>\n\t\t<\/div>\n\t\t\t\t\t\t<\/div>\n\t\t\t\t<\/div>\n\t\t\t\t\t<\/div>\n\t\t\t\t<\/div>\n\t\t\t\t<\/div>","protected":false},"excerpt":{"rendered":"<p>Podcast Coming Soon December 2026 The \u201cMore inclusivity, more students, More Erasmus+\u201d Podcast is part of the Inclusion+ project. It aims to foster dialogue with students, higher education institutions, and cities on the topic of including students with fewer opportunities\u2014specifically, students with disabilities or those with caregiving responsibilities\u2014in international mobility programs.\u00a0 Our podcast will feature [&hellip;]<\/p>","protected":false},"author":1,"featured_media":0,"parent":0,"menu_order":0,"comment_status":"closed","ping_status":"closed","template":"","meta":{"_monsterinsights_skip_tracking":false,"_monsterinsights_sitenote_active":false,"_monsterinsights_sitenote_note":"","_monsterinsights_sitenote_category":0,"footnotes":""},"class_list":["post-690","page","type-page","status-publish","hentry"],"yoast_head":"<!-- This site is optimized with the Yoast SEO plugin v25.0 - https:\/\/yoast.com\/wordpress\/plugins\/seo\/ -->\n<title>Podcast - Inclusion+<\/title>\n<meta name=\"robots\" content=\"noindex, follow, max-snippet:-1, max-image-preview:large, max-video-preview:-1\" \/>\n<meta property=\"og:locale\" content=\"lt_LT\" \/>\n<meta property=\"og:type\" content=\"article\" \/>\n<meta property=\"og:title\" content=\"Podcast - Inclusion+\" \/>\n<meta property=\"og:description\" content=\"Podcast Coming Soon December 2026 The \u201cMore inclusivity, more students, More Erasmus+\u201d Podcast is part of the Inclusion+ project. It aims to foster dialogue with students, higher education institutions, and cities on the topic of including students with fewer opportunities\u2014specifically, students with disabilities or those with caregiving responsibilities\u2014in international mobility programs.\u00a0 Our podcast will feature [&hellip;]\" \/>\n<meta property=\"og:url\" content=\"https:\/\/inclusion.iscte-iul.pt\/lt\/podcast\/\" \/>\n<meta property=\"og:site_name\" content=\"Inclusion+\" \/>\n<meta property=\"article:modified_time\" content=\"2024-08-10T09:16:49+00:00\" \/>\n<meta name=\"twitter:card\" content=\"summary_large_image\" \/>\n<meta name=\"twitter:label1\" content=\"Est. reading time\" \/>\n\t<meta name=\"twitter:data1\" content=\"1 minut\u0117\" \/>\n<script type=\"application\/ld+json\" class=\"yoast-schema-graph\">{\"@context\":\"https:\/\/schema.org\",\"@graph\":[{\"@type\":\"WebPage\",\"@id\":\"https:\/\/inclusion.iscte-iul.pt\/podcast\/\",\"url\":\"https:\/\/inclusion.iscte-iul.pt\/podcast\/\",\"name\":\"Podcast - Inclusion+\",\"isPartOf\":{\"@id\":\"https:\/\/inclusion.iscte-iul.pt\/#website\"},\"datePublished\":\"2024-07-18T00:04:17+00:00\",\"dateModified\":\"2024-08-10T09:16:49+00:00\",\"breadcrumb\":{\"@id\":\"https:\/\/inclusion.iscte-iul.pt\/podcast\/#breadcrumb\"},\"inLanguage\":\"lt-LT\",\"potentialAction\":[{\"@type\":\"ReadAction\",\"target\":[\"https:\/\/inclusion.iscte-iul.pt\/podcast\/\"]}]},{\"@type\":\"BreadcrumbList\",\"@id\":\"https:\/\/inclusion.iscte-iul.pt\/podcast\/#breadcrumb\",\"itemListElement\":[{\"@type\":\"ListItem\",\"position\":1,\"name\":\"Home\",\"item\":\"https:\/\/inclusion.iscte-iul.pt\/\"},{\"@type\":\"ListItem\",\"position\":2,\"name\":\"Podcast\"}]},{\"@type\":\"WebSite\",\"@id\":\"https:\/\/inclusion.iscte-iul.pt\/#website\",\"url\":\"https:\/\/inclusion.iscte-iul.pt\/\",\"name\":\"Inclusion+\",\"description\":\"\",\"publisher\":{\"@id\":\"https:\/\/inclusion.iscte-iul.pt\/#organization\"},\"potentialAction\":[{\"@type\":\"SearchAction\",\"target\":{\"@type\":\"EntryPoint\",\"urlTemplate\":\"https:\/\/inclusion.iscte-iul.pt\/?s={search_term_string}\"},\"query-input\":{\"@type\":\"PropertyValueSpecification\",\"valueRequired\":true,\"valueName\":\"search_term_string\"}}],\"inLanguage\":\"lt-LT\"},{\"@type\":\"Organization\",\"@id\":\"https:\/\/inclusion.iscte-iul.pt\/#organization\",\"name\":\"Inclusion+\",\"url\":\"https:\/\/inclusion.iscte-iul.pt\/\",\"logo\":{\"@type\":\"ImageObject\",\"inLanguage\":\"lt-LT\",\"@id\":\"https:\/\/inclusion.iscte-iul.pt\/#\/schema\/logo\/image\/\",\"url\":\"https:\/\/inclusion.iscte-iul.pt\/wp-content\/uploads\/2024\/07\/cropped-Asset-4-1.png\",\"contentUrl\":\"https:\/\/inclusion.iscte-iul.pt\/wp-content\/uploads\/2024\/07\/cropped-Asset-4-1.png\",\"width\":196,\"height\":37,\"caption\":\"Inclusion+\"},\"image\":{\"@id\":\"https:\/\/inclusion.iscte-iul.pt\/#\/schema\/logo\/image\/\"}}]}<\/script>\n<!-- \/ Yoast SEO plugin. -->","yoast_head_json":{"title":"Podcast - Inclusion+","robots":{"index":"noindex","follow":"follow","max-snippet":"max-snippet:-1","max-image-preview":"max-image-preview:large","max-video-preview":"max-video-preview:-1"},"og_locale":"lt_LT","og_type":"article","og_title":"Podcast - Inclusion+","og_description":"Podcast Coming Soon December 2026 The \u201cMore inclusivity, more students, More Erasmus+\u201d Podcast is part of the Inclusion+ project. It aims to foster dialogue with students, higher education institutions, and cities on the topic of including students with fewer opportunities\u2014specifically, students with disabilities or those with caregiving responsibilities\u2014in international mobility programs.\u00a0 Our podcast will feature [&hellip;]","og_url":"https:\/\/inclusion.iscte-iul.pt\/lt\/podcast\/","og_site_name":"Inclusion+","article_modified_time":"2024-08-10T09:16:49+00:00","twitter_card":"summary_large_image","twitter_misc":{"Est. reading time":"1 minut\u0117"},"schema":{"@context":"https:\/\/schema.org","@graph":[{"@type":"WebPage","@id":"https:\/\/inclusion.iscte-iul.pt\/podcast\/","url":"https:\/\/inclusion.iscte-iul.pt\/podcast\/","name":"Podcast - Inclusion+","isPartOf":{"@id":"https:\/\/inclusion.iscte-iul.pt\/#website"},"datePublished":"2024-07-18T00:04:17+00:00","dateModified":"2024-08-10T09:16:49+00:00","breadcrumb":{"@id":"https:\/\/inclusion.iscte-iul.pt\/podcast\/#breadcrumb"},"inLanguage":"lt-LT","potentialAction":[{"@type":"ReadAction","target":["https:\/\/inclusion.iscte-iul.pt\/podcast\/"]}]},{"@type":"BreadcrumbList","@id":"https:\/\/inclusion.iscte-iul.pt\/podcast\/#breadcrumb","itemListElement":[{"@type":"ListItem","position":1,"name":"Home","item":"https:\/\/inclusion.iscte-iul.pt\/"},{"@type":"ListItem","position":2,"name":"Podcast"}]},{"@type":"WebSite","@id":"https:\/\/inclusion.iscte-iul.pt\/#website","url":"https:\/\/inclusion.iscte-iul.pt\/","name":"Inclusion+","description":"","publisher":{"@id":"https:\/\/inclusion.iscte-iul.pt\/#organization"},"potentialAction":[{"@type":"SearchAction","target":{"@type":"EntryPoint","urlTemplate":"https:\/\/inclusion.iscte-iul.pt\/?s={search_term_string}"},"query-input":{"@type":"PropertyValueSpecification","valueRequired":true,"valueName":"search_term_string"}}],"inLanguage":"lt-LT"},{"@type":"Organization","@id":"https:\/\/inclusion.iscte-iul.pt\/#organization","name":"Inclusion+","url":"https:\/\/inclusion.iscte-iul.pt\/","logo":{"@type":"ImageObject","inLanguage":"lt-LT","@id":"https:\/\/inclusion.iscte-iul.pt\/#\/schema\/logo\/image\/","url":"https:\/\/inclusion.iscte-iul.pt\/wp-content\/uploads\/2024\/07\/cropped-Asset-4-1.png","contentUrl":"https:\/\/inclusion.iscte-iul.pt\/wp-content\/uploads\/2024\/07\/cropped-Asset-4-1.png","width":196,"height":37,"caption":"Inclusion+"},"image":{"@id":"https:\/\/inclusion.iscte-iul.pt\/#\/schema\/logo\/image\/"}}]}},"_links":{"self":[{"href":"https:\/\/inclusion.iscte-iul.pt\/lt\/wp-json\/wp\/v2\/pages\/690","targetHints":{"allow":["GET"]}}],"collection":[{"href":"https:\/\/inclusion.iscte-iul.pt\/lt\/wp-json\/wp\/v2\/pages"}],"about":[{"href":"https:\/\/inclusion.iscte-iul.pt\/lt\/wp-json\/wp\/v2\/types\/page"}],"author":[{"embeddable":true,"href":"https:\/\/inclusion.iscte-iul.pt\/lt\/wp-json\/wp\/v2\/users\/1"}],"replies":[{"embeddable":true,"href":"https:\/\/inclusion.iscte-iul.pt\/lt\/wp-json\/wp\/v2\/comments?post=690"}],"version-history":[{"count":22,"href":"https:\/\/inclusion.iscte-iul.pt\/lt\/wp-json\/wp\/v2\/pages\/690\/revisions"}],"predecessor-version":[{"id":969,"href":"https:\/\/inclusion.iscte-iul.pt\/lt\/wp-json\/wp\/v2\/pages\/690\/revisions\/969"}],"wp:attachment":[{"href":"https:\/\/inclusion.iscte-iul.pt\/lt\/wp-json\/wp\/v2\/media?parent=690"}],"curies":[{"name":"wp","href":"https:\/\/api.w.org\/{rel}","templated":true}]}}

Tinklalaidė

<div data-elementor-type="wp-page" data-elementor-id="690" class="elementor elementor-690">
				<div class="elementor-element elementor-element-5d76300 e-flex e-con-boxed e-con e-parent" data-id="5d76300" data-element_type="container" data-settings="{&quot;background_background&quot;:&quot;classic&quot;}">
					<div class="e-con-inner">
					</div>
				</div>
		<div class="elementor-element elementor-element-946af0c e-flex e-con-boxed e-con e-parent" data-id="946af0c" data-element_type="container">
					<div class="e-con-inner">
				<div class="elementor-element elementor-element-fc51429 elementor-widget elementor-widget-spacer" data-id="fc51429" data-element_type="widget" data-widget_type="spacer.default">
				<div class="elementor-widget-container">
							<div class="elementor-spacer">
			<div class="elementor-spacer-inner"></div>
		</div>
						</div>
				</div>
				<div class="elementor-element elementor-element-6666394 elementor-widget elementor-widget-text-editor" data-id="6666394" data-element_type="widget" data-widget_type="text-editor.default">
				<div class="elementor-widget-container">
									<h1>Tinklalaidė</h1>								</div>
				</div>
				<div class="elementor-element elementor-element-6555788 elementor-widget elementor-widget-spacer" data-id="6555788" data-element_type="widget" data-widget_type="spacer.default">
				<div class="elementor-widget-container">
							<div class="elementor-spacer">
			<div class="elementor-spacer-inner"></div>
		</div>
						</div>
				</div>
		<div class="elementor-element elementor-element-cced152 e-con-full e-flex e-con e-child" data-id="cced152" data-element_type="container">
				<div class="elementor-element elementor-element-3763f8e light-green-heading elementor-widget elementor-widget-text-editor" data-id="3763f8e" data-element_type="widget" data-widget_type="text-editor.default">
				<div class="elementor-widget-container">
									<h1>Informacija ruošiama</h1>								</div>
				</div>
				<div class="elementor-element elementor-element-518c913 elementor-widget elementor-widget-text-editor" data-id="518c913" data-element_type="widget" data-widget_type="text-editor.default">
				<div class="elementor-widget-container">
									<p><span style="white-space-collapse: preserve;">2026 m. gruodžio mėn.</span></p><p><span style="white-space-collapse: preserve; color: var( --e-global-color-text ); font-family: var( --e-global-typography-text-font-family ); font-size: var( --e-global-typography-text-font-size ); font-weight: var( --e-global-typography-text-font-weight ); text-align: var(--text-align);">Tinklalaidė „Daugiau įtraukties, daugiau studentų, daugiau Erasmus+” siekia paskatinti pokalbius su studentais, aukštojo mokslo institucijų ir miestų atstovais apie tai, kaip įtraukti mažiau galimybių turinčius studentus – ypač su negalia ar globos pareigomis – į tarptautines mainų programas. Tinklalaidę sudarys šeši epizodai, kuriuose kalbinsime studentus turinčius negalią ir studentus turinčius priežiūros įsipareigojimų pasidalinti mintimis ir patirtimi tarptautinio mobulimo tema. Taip pat kalbėsime su specialistais apie iššūkius ir galimybes skatinti įtrauktį. Tinklalaidėje taip pat pristatysime tyrimo rezultatus ir rekomendacijas.</span></p>								</div>
				</div>
				</div>
				<div class="elementor-element elementor-element-3e25786 elementor-widget elementor-widget-spacer" data-id="3e25786" data-element_type="widget" data-widget_type="spacer.default">
				<div class="elementor-widget-container">
							<div class="elementor-spacer">
			<div class="elementor-spacer-inner"></div>
		</div>
						</div>
				</div>
					</div>
				</div>
				</div>

<!-- This site is optimized with the Yoast SEO plugin v25.0 - https://yoast.com/wordpress/plugins/seo/ -->
<title>Podcast - Inclusion+</title>
<meta name="robots" content="noindex, follow, max-snippet:-1, max-image-preview:large, max-video-preview:-1" />
<meta property="og:locale" content="lt_LT" />
<meta property="og:type" content="article" />
<meta property="og:title" content="Podcast - Inclusion+" />
<meta property="og:description" content="Podcast Coming Soon December 2026 The “More inclusivity, more students, More Erasmus+” Podcast is part of the Inclusion+ project. It aims to foster dialogue with students, higher education institutions, and cities on the topic of including students with fewer opportunities—specifically, students with disabilities or those with caregiving responsibilities—in international mobility programs.  Our podcast will feature [&hellip;]" />
<meta property="og:url" content="https://inclusion.iscte-iul.pt/lt/podcast/" />
<meta property="og:site_name" content="Inclusion+" />
<meta property="article:modified_time" content="2024-08-10T09:16:49+00:00" />
<meta name="twitter:card" content="summary_large_image" />
<meta name="twitter:label1" content="Est. reading time" />
	<meta name="twitter:data1" content="1 minutė" />
<script type="application/ld+json" class="yoast-schema-graph">{"@context":"https://schema.org","@graph":[{"@type":"WebPage","@id":"https://inclusion.iscte-iul.pt/podcast/","url":"https://inclusion.iscte-iul.pt/podcast/","name":"Podcast - Inclusion+","isPartOf":{"@id":"https://inclusion.iscte-iul.pt/#website"},"datePublished":"2024-07-18T00:04:17+00:00","dateModified":"2024-08-10T09:16:49+00:00","breadcrumb":{"@id":"https://inclusion.iscte-iul.pt/podcast/#breadcrumb"},"inLanguage":"lt-LT","potentialAction":[{"@type":"ReadAction","target":["https://inclusion.iscte-iul.pt/podcast/"]}]},{"@type":"BreadcrumbList","@id":"https://inclusion.iscte-iul.pt/podcast/#breadcrumb","itemListElement":[{"@type":"ListItem","position":1,"name":"Home","item":"https://inclusion.iscte-iul.pt/"},{"@type":"ListItem","position":2,"name":"Podcast"}]},{"@type":"WebSite","@id":"https://inclusion.iscte-iul.pt/#website","url":"https://inclusion.iscte-iul.pt/","name":"Inclusion+","description":"","publisher":{"@id":"https://inclusion.iscte-iul.pt/#organization"},"potentialAction":[{"@type":"SearchAction","target":{"@type":"EntryPoint","urlTemplate":"https://inclusion.iscte-iul.pt/?s={search_term_string}"},"query-input":{"@type":"PropertyValueSpecification","valueRequired":true,"valueName":"search_term_string"}}],"inLanguage":"lt-LT"},{"@type":"Organization","@id":"https://inclusion.iscte-iul.pt/#organization","name":"Inclusion+","url":"https://inclusion.iscte-iul.pt/","logo":{"@type":"ImageObject","inLanguage":"lt-LT","@id":"https://inclusion.iscte-iul.pt/#/schema/logo/image/","url":"https://inclusion.iscte-iul.pt/wp-content/uploads/2024/07/cropped-Asset-4-1.png","contentUrl":"https://inclusion.iscte-iul.pt/wp-content/uploads/2024/07/cropped-Asset-4-1.png","width":196,"height":37,"caption":"Inclusion+"},"image":{"@id":"https://inclusion.iscte-iul.pt/#/schema/logo/image/"}}]}</script>
<!-- / Yoast SEO plugin. -->

1 minutė
